 103434 = -9*v, 0 = -v + q + 20686. Let p = -14747 + v. Is p composite?
True
Let v = 131 + -147. Is (-582)/((v/20)/((-6)/(-15))) composite?
True
Suppose 3*s - 34 = -n, s = -4*s. Let x(g) = 11*g**2 - 50*g - 1. Is x(n) prime?
False
Suppose -91713 = -21*l + 379926. Is l a prime number?
False
Let u(n) = -273*n**3 - 9*n**2 + 15*n + 13. Is u(-6) composite?
False
Suppose -2*s - 339 - 41 = 0. Let n = s - -2520. Suppose 2*l - n - 804 = 4*f, 2*f = -8. Is l composite?
False
Suppose -o - 2*s + 2100 = 0, -3*o + 7*s = 8*s - 6315. Let y = 815 + o. Is y a composite number?
True
Suppose 42*r - 83268 = 28410. Is r composite?
False
Suppose -10*q + 54 = -q. Suppose 2*k + q*k = 56. Suppose -k*u - 19 = -8*u. Is u a composite number?
False
Suppose 12*y - 9401584 = 5*j, -200*j - 3917315 = -5*y - 195*j. Is y composite?
True
Let k = -51 - -60. Suppose 6*c = k*c - 543. Is c a composite number?
False
Suppose -7*z + 3*x = -11*z + 198, 0 = -z - x + 50. Let a(o) = 22*o**3 - 4*o**2 + o + 1. Let n be a(3). Let t = n - z. Is t composite?
True
Suppose -2*q - 2 + 6 = 0. Suppose 5*x - 23 = -2*r, -q*r - 2*x - 4 = -18. Suppose -4*u = -4*d - 160, 4*u - 155 = -5*d + r*d. Is u a prime number?
False
Suppose -4*j - 2847 = -5*i, 3*j = -5*i + 8*i - 1707. Suppose 701 = i*b - 570*b. Is b composite?
False
Let q(n) = n**3 + 4*n**2 + 2*n + 5. Let p be q(-2). Suppose -15*m + p*m = 0. Suppose 2*s = l - 383, -5*l + 0*s - 3*s + 1889 = m. Is l a prime number?
True
Suppose -5*r = -c - 10, 2*r - r = -2*c + 24. Let m be 35/c + ((-2)/4)/1. Suppose -m*b = 115 - 3538. Is b a composite number?
True
Let o(r) be the third derivative of r**8/20160 - r**7/720 + r**6/720 + r**5/10 + 5*r**2. Let z(y) be the third derivative of o(y). Is z(13) a composite number?
False
Let u = -28 + 67. Let r = 33 - u. Is 35148/20 - (1 + r/10) composite?
True
Let o = 780 - 771. Let j(f) = 143*f + 32. Is j(o) a composite number?
False
Is 14 + 334404/15 + (-14)/(-10) a composite number?
True
Let a = -370 - -398. Suppose 27*b - a*b = -2177. Is b composite?
True
Let k(w) = 111*w**2 - 3*w - 5. Suppose 3*p + 88 = -4*v, -4*v = -2*p - 66 - 26. Let j be p/(-9)*1/(-2). Is k(j) prime?
False
Let z(p) be the third derivative of p**5/60 + p**4/4 - p**3/2 + 35*p**2. Let w be z(-7). Is (-5 - -3)*(0 - 506/w) a prime number?
False
Let a = -194763 + 297830. Is a prime?
True
Suppose -9*b - 15 = -12*b. Suppose -2*f - b*h + 749 = 0, 3*f - 2*h = -f + 1462. Let u = -164 + f. Is u composite?
True
Suppose -21*i + 22*i = -3*g + 675766, -g = 4*i - 225237. Is g composite?
False
Suppose 0 = j, -s + 0*j + 20218 = -3*j. Let k = s - 13097. Is k a prime number?
True
Let k(o) = 17*o**2 + 2*o - 6. Let w be k(5). Let j = 2506 + w. Is j composite?
True
Suppose 10*p - 1066404 + 454547 - 1516413 = 0. Is p prime?
True
Suppose 0 = 133*q - 75*q - 5811870 - 5153204. Is q composite?
True
Suppose -7*v - 16*v + 23281 = -88338. Is v composite?
True
Suppose 5*l = -3*j + 43, 0 = 5*j + 2*l - 19 - 59. Suppose -5*a + 83953 = -3*v, -27*v + 23*v + j = 0. Is a a composite number?
True
Let q(j) = j**3 + 30*j**2 + 8*j + 82. Let x be q(-30). Let f(r) = 335*r**2 + r. Let a be f(1). Let y = a + x. Is y a composite number?
True
Let f be -2377 + 9 + -3 + 0. Let p = 12525 + f. Is p composite?
True
Is 28924 - (-8 + 12 + -9) a composite number?
True
Let t be (-4)/(-1 - (-5)/15). Is 11821*(-2)/(-12)*t a prime number?
True
Suppose -4858 = t + 4*a, 3*t + 3*a - 14619 = 6*t. Let c = -2817 - t. Is c prime?
True
Suppose u - 54 = -51. Suppose 2*a - 6957 - 1716 = -o, 4*o + u*a - 34702 = 0. Is o a prime number?
True
Let c(y) = 2*y**3 - 59*y + 28 + 11 + 44*y**2 - 16 - y**3. Is c(-43) composite?
False
Suppose -4*g - 6 = -3*g + 3*t, g - 3*t - 12 = 0. Suppose -14 - 13 = g*h. Is (1 - -4155)*h/(-18) a composite number?
True
Suppose -2*t = 216 - 370. Suppose -3*k + 43523 = -u, t*u = -k + 80*u + 14521. Is k a composite number?
True
Let r = 250 - 94. Suppose 7*a - r - 6291 = 0. Is a composite?
True
Let t be (-17 - -15) + -53*5. Let i = t - -4088. Is i composite?
False
Suppose -x - 9*i + 21 = -4*i, 2*i = x - 14. Suppose x*v - 693665 = -177521. Is v prime?
False
Let t = 21430 + -12321. Is t composite?
False
Let x(r) = 2*r - 122. Let u(d) = 2*d - 81. Let p(o) = 7*u(o) - 5*x(o). Let l be p(-10). Suppose 0 = 2*b + l*b - 14695. Is b composite?
False
Suppose 104*a - 231830 = -3*g + 105*a, -3*a = -21. Is g a prime number?
True
Let r = -7 - -9. Let w(t) = -t**2 + 91*t + 156. Let o be w(44). Suppose -o = -4*a - r*y + 4*y, 0 = 5*a + 2*y - 2789. Is a prime?
True
Let f(i) be the first derivative of -21*i**4/4 + 2*i**3/3 - 7*i**2/2 - 9*i + 2. Is f(-3) composite?
True
Let i be 14 - -1 - 3 - (-8)/(-2). Is (4*(-2)/4)/(i/(-4348)) a prime number?
True
Let n(u) = -61702*u - 743. Is n(-6) a prime number?
True
Let t(k) be the second derivative of 49*k**4/12 - 17*k**3/6 - 5*k**2/2 + 2*k + 36. Is t(5) prime?
False
Let k = -42957 - -173026. Is k a composite number?
False
Let p(n) = -n**3 - 11*n**2 - 3*n - 28. Let r be p(-11). Suppose -4*l = -r*i + 10515, 0 = -13*i + 9*i + 5*l + 8421. Is i a prime number?
True
Suppose 5 = -y + 7. Suppose -y*b = -214 - 156. Is b a composite number?
True
Is 80/70 - (-64623)/7 a composite number?
True
Is (21/63)/(4/4740828) prime?
True
Suppose -22*f - 7 = -23*f + 5*q, -6 = 2*q. Let y(c) = 5 + 3*c + 0*c - 6*c - 5*c + 23*c**2. Is y(f) composite?
True
Let t(p) = 8*p**3 - p**2 - 7*p + 3. Let r be t(6). Let s = r - 974. Is s a composite number?
True
Let y be (3*682/3)/((-1)/6). Let a = y + 8513. Is ((-14)/(-18) - 1) + a/9 prime?
True
Let p be (4/14 - (-3857)/49) + 0. Let v = p + 550. Is v a prime number?
False
Let i = -38 - -28. Let j = -6 - i. Is 1/j - (-8390)/8 composite?
False
Suppose -3*s + 5*z - 41 + 57 = 0, 0 = s + z. Suppose x + 2*t - 3569 = 0, -s*t - 14276 = -11*x + 7*x. Is x a prime number?
False
Is 10/8 + 0 - (40656382/(-104) - 39) composite?
False
Suppose 7*u - 6*u + 8099 = 0. Let h = -5137 - u. Suppose -2*k = -3*w - h, 1530 = -4*k + 5*w + 7454. Is k a prime number?
True
Is (12 + -11)/((-2)/(-4362736)) + 5 composite?
False
Suppose -3*h - 6 = 0, h - 572570 + 64184 = -4*t. Is t a composite number?
True
Let u = 398 + -392. Suppose u*l - 190 = 392. Is l composite?
False
Let r(k) = 44*k - 7. Let d be -1 - (3 - (-1)/((-1)/9)). Suppose 0 = d*v - y + 6*y - 20, -y = -2*v + 23. Is r(v) prime?
True
Suppose -5*z = -15 - 90. Is (z/(-6))/(3/(-174)) a prime number?
False
Suppose -4*m + 6*k - 5*k = -20239, 2*k = -2*m + 10112. Is m prime?
True
Suppose -14*v = -11*v - 3993. Let g = v + -880. Is g prime?
False
Suppose 2*q - 3 = 3*q, -2*q = 2*a + 516. Let z = 35 + a. Let h = z - -329. Is h prime?
True
Let d = 72389 + 87390. Is d a composite number?
False
Let g(j) = -964*j + 21. Suppose m + 2 = 4*d + d, 4*m + 3*d = -8. Is g(m) a prime number?
True
Suppose -252236 - 143047 = -15*d - 84138. Is d composite?
False
Let h = -11206 - -75353. Is h composite?
True
Let j(u) = -56*u**3 + 8*u**2 + 17*u - 20. Let k be j(7). Is (12/(-2))/(-3) - k a prime number?
True
Suppose -1515*k = -1493*k - 669262. Is k a prime number?
False
Let l be (-45)/(-75) - 7/(-5). Is l/(-4) - (-4279)/22 composite?
True
Suppose -1175*h - 3*t - 81149 = -1177*h, 0 = 2*h - 5*t - 81135. Is h a composite number?
True
Let w be 0 + (2 - 2) - 2*-36. Is 6/(-27) - (-169288)/w composite?
False
Let v(d) = -7*d - 20. Let p be v(-4). Let r be 1490/(-8) + 4 + (-30)/p. Let w = -59 - r. Is w a composite number?
False
Is (-900)/(-65) + -14 + 9041976/52 + 3 a prime number?
False
Suppose -524403 - 23032 = -35*k. Is k composite?
False
Suppose 3000686 = -4573*a + 4599*a. Is a a prime number?
False
Let h(i) = -26*i - 11. Let s(q) = 5*q + 24. Let a be s(-16). Let v = a + 52. Is h(v) a composite number?
True
Suppose -4*a = -20 - 128. Let x = 39 - a. Suppose 5*g = 2*g + w + 629, 0 = x*g - 3*w - 410. Is g a prime number?
True
Suppose 50*x - 509039 = -52746 + 219857. Is x a composite number?
False
Let j(m) = -4217*m + 163. Is j(-42) a composite number?
True
Suppose -3*x - 3*b + 603047 = 145559, x = 3*b + 152516. Is x composite?
False
Suppose 11*v + 35*v = -15*v + 9411629. Is v a composite number?
True
Let m(t) = 5*t**2 + 5*t - 13. Let s be m(4). Suppose 53 + s = -2*i. Let x = -11 - i. Is x composite?
False
Suppose -10886 = -2*f - 4*q, 192*q - 197*q - 10904 = -2*f. Is f composite?
T